{"id":78,"date":"2025-06-30T20:59:32","date_gmt":"2025-06-30T18:59:32","guid":{"rendered":"https:\/\/ultra-net-work.com\/galerie-elysee\/?page_id=78"},"modified":"2025-07-05T11:48:27","modified_gmt":"2025-07-05T09:48:27","slug":"leasing","status":"publish","type":"page","link":"https:\/\/ultra-net-work.com\/galerie-elysee\/leasing\/","title":{"rendered":"Leasing"},"content":{"rendered":"<div class=\"wpb-content-wrapper\"><p>[vc_row css=\u00a0\u00bb.vc_custom_1751303624352{padding-top: 5% !important;padding-right: 10% !important;padding-bottom: 5% !important;padding-left: 10% !important;background-color: #FFFFFF !important;}\u00a0\u00bb][vc_column][vc_column_text css=\u00a0\u00bb\u00a0\u00bb]<\/p>\n<h2>Leasing<\/h2>\n<p>[\/vc_column_text][vc_empty_space height=\u00a0\u00bb50px\u00a0\u00bb][vc_single_image image=\u00a0\u00bb248&Prime; img_size=\u00a0\u00bbfull\u00a0\u00bb alignment=\u00a0\u00bbcenter\u00a0\u00bb css=\u00a0\u00bb\u00a0\u00bb][vc_empty_space height=\u00a0\u00bb50px\u00a0\u00bb][vc_empty_space height=\u00a0\u00bb50px\u00a0\u00bb][vc_column_text css=\u00a0\u00bb\u00a0\u00bb]<\/p>\n<div style=\"text-align: justify;\">\n<p><strong>LEASING D&rsquo;\u0152UVRES D&rsquo;ART : COMMENT CELA FONCTIONNE ?<\/strong><\/p>\n<\/div>\n<p>[\/vc_column_text][vc_empty_space height=\u00a0\u00bb50px\u00a0\u00bb][vc_column_text css=\u00a0\u00bb\u00a0\u00bb]<\/p>\n<div style=\"text-align: justify;\">\n<p>La Galerie \u00c9LYS\u00c9E loue \u00e0 une entreprise (le preneur) par le biais d\u2019un contrat de LOA (location avec option d&rsquo;achat). Dans ce dispositif, inspir\u00e9 du\u00a0leasing de voitures, le preneur peut d\u00e9duire l\u2019int\u00e9gralit\u00e9 des loyers (payables de 13 \u00e0 46 mois) dans les charges de fonctionnement au titre de l\u2019am\u00e9nagement et de la d\u00e9coration d\u2019int\u00e9rieur, \u00e0 condition qu\u2019il s\u2019engage \u00e0 exposer l\u2019\u0153uvre dans les locaux de l\u2019entreprise accessibles au public ou aux salari\u00e9s \u2013 il est toutefois recommand\u00e9 que la somme annuelle des loyers ne d\u00e9passe pas 5 % du chiffre d\u2019affaires. Facilit\u00e9 de paiement, tr\u00e9sorerie non impact\u00e9e, soutien \u00e0 l\u2019art, bien-\u00eatre des salari\u00e9s, d\u00e9duction fiscale et possibilit\u00e9 pour le preneur d\u2019acqu\u00e9rir l\u2019\u0153uvre au prix r\u00e9siduel restant (en g\u00e9n\u00e9ral, entre 5 et 7 % de la valeur de l\u2019\u0153uvre) :\u00a0le leasing est un levier de vente \u00e0 destination des entreprises soumises \u00e0 l\u2019imp\u00f4t sur les soci\u00e9t\u00e9s ou l\u2019imp\u00f4t sur le revenu. D\u2019autant qu\u2019il n\u2019est pas soumis aux fluctuations du march\u00e9 puisque seule la valeur de l\u2019\u0153uvre au moment de la signature est prise en compte pendant la dur\u00e9e du contrat. Enfin, il permet d\u2019acqu\u00e9rir tous types d\u2019\u0153uvres et non uniquement celles d\u2019artistes vivants comme le pr\u00e9voit la loi m\u00e9c\u00e9nat. Les professions lib\u00e9rales \u00e0 titre individuel\u00a0(r\u00e9gime fiscal BNC), qui ne peuvent b\u00e9n\u00e9ficier de cette derni\u00e8re, sont en principe \u00e9ligibles au leasing, ce qui ouvre un large champ d\u2019action.<\/p>\n<\/div>\n<p>[\/vc_column_text][vc_empty_space height=\u00a0\u00bb200px\u00a0\u00bb][\/vc_column][\/vc_row]<\/p>\n<\/div>","protected":false},"excerpt":{"rendered":"<p>[vc_row css=\u00a0\u00bb.vc_custom_1751303624352{padding-top: 5% !important;padding-right: 10% !important;padding-bottom: 5% !important;padding-left: 10% !important;background-color: #FFFFFF !important;}\u00a0\u00bb][vc_column][vc_column_text css=\u00a0\u00bb\u00a0\u00bb] Leasing [\/vc_column_text][vc_empty_space height=\u00a0\u00bb50px\u00a0\u00bb][vc_single_image image=\u00a0\u00bb248&Prime; img_size=\u00a0\u00bbfull\u00a0\u00bb alignment=\u00a0\u00bbcenter\u00a0\u00bb css=\u00a0\u00bb\u00a0\u00bb][vc_empty_space height=\u00a0\u00bb50px\u00a0\u00bb][vc_empty_space height=\u00a0\u00bb50px\u00a0\u00bb][vc_column_text css=\u00a0\u00bb\u00a0\u00bb] LEASING D&rsquo;\u0152UVRES D&rsquo;ART : COMMENT CELA FONCTIONNE ? [\/vc_column_text][vc_empty_space height=\u00a0\u00bb50px\u00a0\u00bb][vc_column_text css=\u00a0\u00bb\u00a0\u00bb] La Galerie \u00c9LYS\u00c9E loue \u00e0 une [&hellip;]<\/p>\n","protected":false},"author":1,"featured_media":0,"parent":0,"menu_order":6,"comment_status":"closed","ping_status":"closed","template":"full-width.php","meta":{"footnotes":""},"class_list":["post-78","page","type-page","status-publish","hentry"],"yoast_head":"<!-- This site is optimized with the Yoast SEO plugin v25.6 - https:\/\/yoast.com\/wordpress\/plugins\/seo\/ -->\n<title>Leasing - Galerie de l&#039;Elysee<\/title>\n<meta name=\"robots\" content=\"noindex, follow, max-snippet:-1, max-image-preview:large, max-video-preview:-1\" \/>\n<meta property=\"og:locale\" content=\"fr_FR\" \/>\n<meta property=\"og:type\" content=\"article\" \/>\n<meta property=\"og:title\" content=\"Leasing - Galerie de l&#039;Elysee\" \/>\n<meta property=\"og:description\" content=\"[vc_row css=\u00a0\u00bb.vc_custom_1751303624352{padding-top: 5% !important;padding-right: 10% !important;padding-bottom: 5% !important;padding-left: 10% !important;background-color: #FFFFFF !important;}\u00a0\u00bb][vc_column][vc_column_text css=\u00a0\u00bb\u00a0\u00bb] Leasing [\/vc_column_text][vc_empty_space height=\u00a0\u00bb50px\u00a0\u00bb][vc_single_image image=\u00a0\u00bb248&Prime; img_size=\u00a0\u00bbfull\u00a0\u00bb alignment=\u00a0\u00bbcenter\u00a0\u00bb css=\u00a0\u00bb\u00a0\u00bb][vc_empty_space height=\u00a0\u00bb50px\u00a0\u00bb][vc_empty_space height=\u00a0\u00bb50px\u00a0\u00bb][vc_column_text css=\u00a0\u00bb\u00a0\u00bb] LEASING D&rsquo;\u0152UVRES D&rsquo;ART : COMMENT CELA FONCTIONNE ? [\/vc_column_text][vc_empty_space height=\u00a0\u00bb50px\u00a0\u00bb][vc_column_text css=\u00a0\u00bb\u00a0\u00bb] La Galerie \u00c9LYS\u00c9E loue \u00e0 une [&hellip;]\" \/>\n<meta property=\"og:url\" content=\"https:\/\/ultra-net-work.com\/galerie-elysee\/leasing\/\" \/>\n<meta property=\"og:site_name\" content=\"Galerie de l&#039;Elysee\" \/>\n<meta property=\"article:modified_time\" content=\"2025-07-05T09:48:27+00:00\" \/>\n<meta name=\"twitter:card\" content=\"summary_large_image\" \/>\n<meta name=\"twitter:label1\" content=\"Dur\u00e9e de lecture estim\u00e9e\" \/>\n\t<meta name=\"twitter:data1\" content=\"2 minutes\" \/>\n<script type=\"application\/ld+json\" class=\"yoast-schema-graph\">{\"@context\":\"https:\/\/schema.org\",\"@graph\":[{\"@type\":\"WebPage\",\"@id\":\"https:\/\/ultra-net-work.com\/galerie-elysee\/leasing\/\",\"url\":\"https:\/\/ultra-net-work.com\/galerie-elysee\/leasing\/\",\"name\":\"Leasing - Galerie de l&#039;Elysee\",\"isPartOf\":{\"@id\":\"https:\/\/ultra-net-work.com\/galerie-elysee\/#website\"},\"datePublished\":\"2025-06-30T18:59:32+00:00\",\"dateModified\":\"2025-07-05T09:48:27+00:00\",\"breadcrumb\":{\"@id\":\"https:\/\/ultra-net-work.com\/galerie-elysee\/leasing\/#breadcrumb\"},\"inLanguage\":\"fr-FR\",\"potentialAction\":[{\"@type\":\"ReadAction\",\"target\":[\"https:\/\/ultra-net-work.com\/galerie-elysee\/leasing\/\"]}]},{\"@type\":\"BreadcrumbList\",\"@id\":\"https:\/\/ultra-net-work.com\/galerie-elysee\/leasing\/#breadcrumb\",\"itemListElement\":[{\"@type\":\"ListItem\",\"position\":1,\"name\":\"Accueil\",\"item\":\"https:\/\/ultra-net-work.com\/galerie-elysee\/\"},{\"@type\":\"ListItem\",\"position\":2,\"name\":\"Leasing\"}]},{\"@type\":\"WebSite\",\"@id\":\"https:\/\/ultra-net-work.com\/galerie-elysee\/#website\",\"url\":\"https:\/\/ultra-net-work.com\/galerie-elysee\/\",\"name\":\"Galerie de l&#039;Elysee\",\"description\":\"\",\"potentialAction\":[{\"@type\":\"SearchAction\",\"target\":{\"@type\":\"EntryPoint\",\"urlTemplate\":\"https:\/\/ultra-net-work.com\/galerie-elysee\/?s={search_term_string}\"},\"query-input\":{\"@type\":\"PropertyValueSpecification\",\"valueRequired\":true,\"valueName\":\"search_term_string\"}}],\"inLanguage\":\"fr-FR\"}]}<\/script>\n<!-- \/ Yoast SEO plugin. -->","yoast_head_json":{"title":"Leasing - Galerie de l&#039;Elysee","robots":{"index":"noindex","follow":"follow","max-snippet":"max-snippet:-1","max-image-preview":"max-image-preview:large","max-video-preview":"max-video-preview:-1"},"og_locale":"fr_FR","og_type":"article","og_title":"Leasing - Galerie de l&#039;Elysee","og_description":"[vc_row css=\u00a0\u00bb.vc_custom_1751303624352{padding-top: 5% !important;padding-right: 10% !important;padding-bottom: 5% !important;padding-left: 10% !important;background-color: #FFFFFF !important;}\u00a0\u00bb][vc_column][vc_column_text css=\u00a0\u00bb\u00a0\u00bb] Leasing [\/vc_column_text][vc_empty_space height=\u00a0\u00bb50px\u00a0\u00bb][vc_single_image image=\u00a0\u00bb248&Prime; img_size=\u00a0\u00bbfull\u00a0\u00bb alignment=\u00a0\u00bbcenter\u00a0\u00bb css=\u00a0\u00bb\u00a0\u00bb][vc_empty_space height=\u00a0\u00bb50px\u00a0\u00bb][vc_empty_space height=\u00a0\u00bb50px\u00a0\u00bb][vc_column_text css=\u00a0\u00bb\u00a0\u00bb] LEASING D&rsquo;\u0152UVRES D&rsquo;ART : COMMENT CELA FONCTIONNE ? [\/vc_column_text][vc_empty_space height=\u00a0\u00bb50px\u00a0\u00bb][vc_column_text css=\u00a0\u00bb\u00a0\u00bb] La Galerie \u00c9LYS\u00c9E loue \u00e0 une [&hellip;]","og_url":"https:\/\/ultra-net-work.com\/galerie-elysee\/leasing\/","og_site_name":"Galerie de l&#039;Elysee","article_modified_time":"2025-07-05T09:48:27+00:00","twitter_card":"summary_large_image","twitter_misc":{"Dur\u00e9e de lecture estim\u00e9e":"2 minutes"},"schema":{"@context":"https:\/\/schema.org","@graph":[{"@type":"WebPage","@id":"https:\/\/ultra-net-work.com\/galerie-elysee\/leasing\/","url":"https:\/\/ultra-net-work.com\/galerie-elysee\/leasing\/","name":"Leasing - Galerie de l&#039;Elysee","isPartOf":{"@id":"https:\/\/ultra-net-work.com\/galerie-elysee\/#website"},"datePublished":"2025-06-30T18:59:32+00:00","dateModified":"2025-07-05T09:48:27+00:00","breadcrumb":{"@id":"https:\/\/ultra-net-work.com\/galerie-elysee\/leasing\/#breadcrumb"},"inLanguage":"fr-FR","potentialAction":[{"@type":"ReadAction","target":["https:\/\/ultra-net-work.com\/galerie-elysee\/leasing\/"]}]},{"@type":"BreadcrumbList","@id":"https:\/\/ultra-net-work.com\/galerie-elysee\/leasing\/#breadcrumb","itemListElement":[{"@type":"ListItem","position":1,"name":"Accueil","item":"https:\/\/ultra-net-work.com\/galerie-elysee\/"},{"@type":"ListItem","position":2,"name":"Leasing"}]},{"@type":"WebSite","@id":"https:\/\/ultra-net-work.com\/galerie-elysee\/#website","url":"https:\/\/ultra-net-work.com\/galerie-elysee\/","name":"Galerie de l&#039;Elysee","description":"","potentialAction":[{"@type":"SearchAction","target":{"@type":"EntryPoint","urlTemplate":"https:\/\/ultra-net-work.com\/galerie-elysee\/?s={search_term_string}"},"query-input":{"@type":"PropertyValueSpecification","valueRequired":true,"valueName":"search_term_string"}}],"inLanguage":"fr-FR"}]}},"_links":{"self":[{"href":"https:\/\/ultra-net-work.com\/galerie-elysee\/wp-json\/wp\/v2\/pages\/78","targetHints":{"allow":["GET"]}}],"collection":[{"href":"https:\/\/ultra-net-work.com\/galerie-elysee\/wp-json\/wp\/v2\/pages"}],"about":[{"href":"https:\/\/ultra-net-work.com\/galerie-elysee\/wp-json\/wp\/v2\/types\/page"}],"author":[{"embeddable":true,"href":"https:\/\/ultra-net-work.com\/galerie-elysee\/wp-json\/wp\/v2\/users\/1"}],"replies":[{"embeddable":true,"href":"https:\/\/ultra-net-work.com\/galerie-elysee\/wp-json\/wp\/v2\/comments?post=78"}],"version-history":[{"count":7,"href":"https:\/\/ultra-net-work.com\/galerie-elysee\/wp-json\/wp\/v2\/pages\/78\/revisions"}],"predecessor-version":[{"id":316,"href":"https:\/\/ultra-net-work.com\/galerie-elysee\/wp-json\/wp\/v2\/pages\/78\/revisions\/316"}],"wp:attachment":[{"href":"https:\/\/ultra-net-work.com\/galerie-elysee\/wp-json\/wp\/v2\/media?parent=78"}],"curies":[{"name":"wp","href":"https:\/\/api.w.org\/{rel}","templated":true}]}}