{"id":1491,"date":"2025-02-24T01:38:19","date_gmt":"2025-02-24T00:38:19","guid":{"rendered":"https:\/\/ultra-net-work.com\/motto\/?page_id=1491"},"modified":"2025-02-24T02:10:00","modified_gmt":"2025-02-24T01:10:00","slug":"information-voyageurs","status":"publish","type":"page","link":"https:\/\/ultra-net-work.com\/motto\/information-voyageurs\/","title":{"rendered":"Information voyageurs"},"content":{"rendered":"<div class=\"wpb-content-wrapper\"><p>[vc_row][vc_column][vc_separator color=\u00a0\u00bbblack\u00a0\u00bb border_width=\u00a0\u00bb2&Prime; css=\u00a0\u00bb.vc_custom_1727427423169{padding-top: 20px !important;padding-bottom: 20px !important;}\u00a0\u00bb][vc_empty_space height=\u00a0\u00bb150px\u00a0\u00bb][vc_empty_space height=\u00a0\u00bb100px\u00a0\u00bb][\/vc_column][\/vc_row][vc_row][vc_column width=\u00a0\u00bb1\/4&Prime;][vc_empty_space height=\u00a0\u00bb90px\u00a0\u00bb][\/vc_column][vc_column width=\u00a0\u00bb3\/4&Prime;][vc_column_text]<\/p>\n<div style=\"text-align: justify;\">\n<p><strong>FORMALITES ADMINISTRATIVES POUR VOYAGER AU JAPON<\/strong><\/p>\n<p>&nbsp;<\/p>\n<p style=\"font-weight: 400;\">Les restrictions gouvernementales \u00e9tant en constante \u00e9volution, nous vous demandons de consulter r\u00e9guli\u00e8rement, jusqu\u2019au jour du d\u00e9part, les sites :<\/p>\n<p style=\"font-weight: 400;\"><a href=\"https:\/\/www.diplomatie.gouv.fr\/fr\/conseils-aux-voyageurs\/\">https:\/\/www.diplomatie.gouv.fr\/fr\/conseils-aux-voyageurs\/<\/a><\/p>\n<p style=\"font-weight: 400;\"><a href=\"https:\/\/www.fr.emb-japan.go.jp\/itprtop_fr\/index.html\">https:\/\/www.fr.emb-japan.go.jp\/itprtop_fr\/index.html<\/a><\/p>\n<p style=\"font-weight: 400;\">Nous vous conseillons de vous inscrire sur le site Ariane\u00a0:<\/p>\n<p style=\"font-weight: 400;\"><a href=\"https:\/\/pastel.diplomatie.gouv.fr\/fildariane\/dyn\/public\/login.html\">https:\/\/pastel.diplomatie.gouv.fr\/fildariane\/dyn\/public\/login.html<\/a><\/p>\n<p style=\"font-weight: 400;\">Afin d\u2019\u00e9viter la queue \u00e0 l\u2019a\u00e9roport et de gagner du temps, nous vous conseillons de vous inscrire sur le site <a href=\"https:\/\/vjw-lp.digital.go.jp\/en\/\">https:\/\/vjw-lp.digital.go.jp\/en\/<\/a> avant votre d\u00e9part.<\/p>\n<p style=\"font-weight: 400;\">Il appartient au voyageur de s\u2019informer des \u00e9ventuelles modifications concernant les formalit\u00e9s d\u2019entr\u00e9e dans le pays de destination.<\/p>\n<p style=\"font-weight: 400;\">De fa\u00e7on g\u00e9n\u00e9rale, le voyageur doit toujours avoir sur lui un masque et du gel hydroalcoolique.<\/p>\n<p style=\"font-weight: 400;\">Les non-ressortissants fran\u00e7ais ou les bi-nationaux sont invit\u00e9s \u00e0 consulter le consulat ou l\u2019Ambassade des pays de destination.<\/p>\n<p style=\"font-weight: 400;\">Les voyageurs dont le vol est avec correspondance doivent se renseigner sur les conditions d\u2019acc\u00e8s aux a\u00e9roports dans lesquels ils font escale.<\/p>\n<p style=\"font-weight: 400;\">Veuillez noter que les compagnies a\u00e9riennes se r\u00e9servent le droit de modifier et renforcer leurs conditions d\u2019embarquement de fa\u00e7on plus stricte que les formalit\u00e9s et la r\u00e9glementation du pays de destination, \u00e0 tout moment et sans pr\u00e9avis.<\/p>\n<p style=\"font-weight: 400;\">\u00c0 l\u2019arriv\u00e9e, les voyageurs doivent \u00eatre munis d\u2019un passeport valide au moins <strong>6 mois<\/strong> apr\u00e8s la date de leur retour.<br \/>\nUn visa est n\u00e9cessaire uniquement pour les s\u00e9jours de plus de 3 mois.<\/p>\n<p style=\"font-weight: 400;\">Les non-ressortissants japonais qui entrent sur le territoire japonais sont soumis \u00e0 la prise de donn\u00e9es biom\u00e9triques (prise d\u2019empreintes digitales et portrait photographique).<br \/>\nLes non-ressortissants fran\u00e7ais ou les bi-nationaux sont invit\u00e9s \u00e0 consulter le consulat ou l\u2019Ambassade des pays de destination.<\/p>\n<p style=\"font-weight: 400;\"><em>\u00a0<\/em><\/p>\n<p style=\"font-weight: 400;\"><em>Mineurs<\/em><\/p>\n<p style=\"font-weight: 400;\">Les enfants mineurs doivent imp\u00e9rativement disposer d\u2019un passeport individuel. Nous recommandons vivement de munir le mineur non-accompagn\u00e9 par ses repr\u00e9sentants l\u00e9gaux d\u2019une copie de son livret de famille.<br \/>\nFormalit\u00e9s sp\u00e9cifiques\u00a0: Dans le cadre d\u2019un voyage \u00e0 l\u2019\u00e9tranger, nous vous informons que le mineur r\u00e9sidant en France et voyageant sans \u00eatre accompagn\u00e9 par ses repr\u00e9sentants l\u00e9gaux, doit \u00eatre muni en plus de sa pi\u00e8ce d\u2019identit\u00e9 et du formulaire d\u2019autorisation de sortie de territoire\u00a0: CERFA n\u00b015646*01 \u00e0 t\u00e9l\u00e9charger sur le site\u00a0:<br \/>\n<a href=\"https:\/\/www.douane.gouv.fr\/fiche\/autorisation-de-sortie-du-territoire-ast-pour-les-mineurs\">https:\/\/www.douane.gouv.fr\/fiche\/autorisation-de-sortie-du-territoire-ast-pour-les-mineurs<\/a><\/p>\n<p style=\"font-weight: 400;\"><em>\u00a0<\/em><\/p>\n<p style=\"font-weight: 400;\"><em>Sant\u00e9<\/em><\/p>\n<p style=\"font-weight: 400;\">Aucune vaccination n\u2019est obligatoire. N\u2019oubliez pas de v\u00e9rifier que votre carnet de vaccination est \u00e0 jour (DTP Coq). Le niveau sanitaire \u00e9quivaut \u00e0 celui de l\u2019Europe de l\u2019Ouest.<\/p>\n<p style=\"font-weight: 400;\">Les risques naturels et climatiques sont \u00e9lev\u00e9s au Japon, veillez \u00e0 vous tenir inform\u00e9s.<\/p>\n<p>BON \u00c0 SAVOIR<\/p>\n<p style=\"font-weight: 400;\"><em>Monnaie<\/em><\/p>\n<p style=\"font-weight: 400;\">La monnaie utilis\u00e9e est le yen (JPY). Au 15 mars 2024, 1 Euro \u00e9quivaut \u00e0 162 yens japonais.<\/p>\n<p style=\"font-weight: 400;\"><em>\u00a0<\/em><\/p>\n<p style=\"font-weight: 400;\"><em>Climat<\/em><\/p>\n<p style=\"font-weight: 400;\">Le printemps (mars \u00e0 mai) est une saison tr\u00e8s agr\u00e9able pour voyager au Japon, la floraison rend le paysage tr\u00e8s beau et le climat est doux, mais c\u2019est aussi la haute saison touristique, il y a souvent beaucoup de monde sur les sites \u00e0 visiter.<\/p>\n<p style=\"font-weight: 400;\">L\u2019\u00e9t\u00e9 (juin \u00e0 ao\u00fbt) est dans la plupart des r\u00e9gions assez chaud et humide mais la visite du pays reste tout \u00e0 fait envisageable, en particulier dans les r\u00e9gions montagneuses.<\/p>\n<p style=\"font-weight: 400;\">L\u2019automne (septembre \u00e0 novembre) est doux avec de belles couleurs, ce qui donne un autre charme aux paysages, mais il est aussi pluvieux.<\/p>\n<p style=\"font-weight: 400;\">L\u2019hiver (d\u00e9cembre \u00e0 f\u00e9vrier) est sec et offre un ciel souvent ensoleill\u00e9, c\u2019est une tr\u00e8s bonne p\u00e9riode pour faire de belles photos et admirer les paysages en toute tranquillit\u00e9 sans trop de touristes. Il fait froid dans la plupart du pays (avec de la neige dans certaines r\u00e9gions), ce qui est id\u00e9al pour profiter pleinement des fameux Onsens qui vous apporteront un peu de chaleur !<\/p>\n<p style=\"font-weight: 400;\"><em>\u00a0<\/em><\/p>\n<p style=\"font-weight: 400;\"><em>Langue<\/em><strong><br \/>\n<\/strong>Les Japonais ne parlent pas tous tr\u00e8s bien anglais notamment hors des grandes villes, emportez avec vous un petit lexique pourra vous \u00eatre tr\u00e8s utile.<\/p>\n<p style=\"font-weight: 400;\"><em>D\u00e9calage Horaire<\/em><\/p>\n<p style=\"font-weight: 400;\">De mars \u00e0 octobre, il y a 7 heures de plus au Japon qu\u2019en France, et 8 heures d\u2019octobre \u00e0 mars.<\/p>\n<p style=\"font-weight: 400;\"><em>\u00a0<\/em><\/p>\n<p style=\"font-weight: 400;\"><em>Onsens<\/em><\/p>\n<p style=\"font-weight: 400;\">Si vous souhaitez tester l\u2019exp\u00e9rience des Onsens (bains traditionnels), la coutume veut que vous soyez enti\u00e8rement nu (hommes et femmes s\u00e9par\u00e9s) pour vous y rendre. De m\u00eame, les tatouages ne sont pas toujours accept\u00e9s dans les Onsens.<\/p>\n<p style=\"font-weight: 400;\"><em>\u00a0<\/em><\/p>\n<p style=\"font-weight: 400;\"><em>Pocket Wifi<\/em><\/p>\n<p style=\"font-weight: 400;\">Le WiFi gratuit n\u2019est pas disponible partout au Japon. L\u2019id\u00e9al est de voyager avec un petit bo\u00eetier \u00ab Pocket Wifi \u00bb pour avoir une connexion rapide o\u00f9 que vous soyez pendant votre s\u00e9jour. Cela facilite consid\u00e9rablement le voyage pour consulter de simples informations ou communiquer avec votre entourage. Vous pourrez r\u00e9cup\u00e9rer le bo\u00eetier \u00e0 l\u2019h\u00f4tel le premier jour et le rendre dans une enveloppe d\u00e9di\u00e9e \u00e0 la Poste.<\/p>\n<p style=\"font-weight: 400;\"><em>Pourboires<\/em><\/p>\n<p style=\"font-weight: 400;\">Il n\u2019est pas n\u00e9cessaire de laisser des pourboires dans les restaurants, aux guides, chauffeurs\u2026 cela ne fait pas partie de la coutume. Si vous souhaitez remercier vos h\u00f4tes, un cadeau est pr\u00e9f\u00e9rable.<\/p>\n<p style=\"font-weight: 400;\"><em>Conduite<\/em><\/p>\n<p><span style=\"font-weight: 400;\">Au Japon, la conduite se fait \u00e0 gauche et le volant se trouve \u00e0 droite. La bo\u00eete de vitesses est automatique. Les Japonais conduisent plut\u00f4t tranquillement et sont tr\u00e8s respectueux du code de la route. Les autoroutes sont bien entretenues. Pour conduire au Japon, vous devez \u00eatre en possession de votre permis de conduire fran\u00e7ais ainsi que d\u2019une traduction de ce m\u00eame permis en Japonais.<\/span><\/p>\n<\/div>\n<p>[\/vc_column_text][vc_empty_space height=\u00a0\u00bb100px\u00a0\u00bb][\/vc_column][\/vc_row][vc_row][vc_column][vc_empty_space height=\u00a0\u00bb200px\u00a0\u00bb][\/vc_column][\/vc_row][vc_row][vc_column][vc_column_text]<\/p>\n<p>[\/vc_column_text][\/vc_column][\/vc_row]<\/p>\n<\/div>","protected":false},"excerpt":{"rendered":"<p>[vc_row][vc_column][vc_separator color=\u00a0\u00bbblack\u00a0\u00bb border_width=\u00a0\u00bb2&Prime; css=\u00a0\u00bb.vc_custom_1727427423169{padding-top: 20px !important;padding-bottom: 20px !important;}\u00a0\u00bb][vc_empty_space height=\u00a0\u00bb150px\u00a0\u00bb][vc_empty_space height=\u00a0\u00bb100px\u00a0\u00bb][\/vc_column][\/vc_row][vc_row][vc_column width=\u00a0\u00bb1\/4&Prime;][vc_empty_space height=\u00a0\u00bb90px\u00a0\u00bb][\/vc_column][vc_column width=\u00a0\u00bb3\/4&Prime;][vc_column_text] FORMALITES ADMINISTRATIVES POUR VOYAGER AU JAPON &nbsp; Les restrictions gouvernementales \u00e9tant en constante \u00e9volution, nous vous demandons de consulter r\u00e9guli\u00e8rement, jusqu\u2019au jour du d\u00e9part, les sites : [&hellip;]<\/p>\n","protected":false},"author":1,"featured_media":0,"parent":0,"menu_order":1,"comment_status":"closed","ping_status":"closed","template":"","meta":{"footnotes":""},"class_list":["post-1491","page","type-page","status-publish","hentry"],"yoast_head":"<!-- This site is optimized with the Yoast SEO plugin v24.6 - https:\/\/yoast.com\/wordpress\/plugins\/seo\/ -->\n<title>Information voyageurs - Motto<\/title>\n<meta name=\"robots\" content=\"noindex, follow, max-snippet:-1, max-image-preview:large, max-video-preview:-1\" \/>\n<meta property=\"og:locale\" content=\"fr_FR\" \/>\n<meta property=\"og:type\" content=\"article\" \/>\n<meta property=\"og:title\" content=\"Information voyageurs - Motto\" \/>\n<meta property=\"og:description\" content=\"[vc_row][vc_column][vc_separator color=\u00a0\u00bbblack\u00a0\u00bb border_width=\u00a0\u00bb2&Prime; css=\u00a0\u00bb.vc_custom_1727427423169{padding-top: 20px !important;padding-bottom: 20px !important;}\u00a0\u00bb][vc_empty_space height=\u00a0\u00bb150px\u00a0\u00bb][vc_empty_space height=\u00a0\u00bb100px\u00a0\u00bb][\/vc_column][\/vc_row][vc_row][vc_column width=\u00a0\u00bb1\/4&Prime;][vc_empty_space height=\u00a0\u00bb90px\u00a0\u00bb][\/vc_column][vc_column width=\u00a0\u00bb3\/4&Prime;][vc_column_text] FORMALITES ADMINISTRATIVES POUR VOYAGER AU JAPON &nbsp; Les restrictions gouvernementales \u00e9tant en constante \u00e9volution, nous vous demandons de consulter r\u00e9guli\u00e8rement, jusqu\u2019au jour du d\u00e9part, les sites : [&hellip;]\" \/>\n<meta property=\"og:url\" content=\"https:\/\/ultra-net-work.com\/motto\/information-voyageurs\/\" \/>\n<meta property=\"og:site_name\" content=\"Motto\" \/>\n<meta property=\"article:modified_time\" content=\"2025-02-24T01:10:00+00:00\" \/>\n<meta name=\"twitter:card\" content=\"summary_large_image\" \/>\n<meta name=\"twitter:label1\" content=\"Dur\u00e9e de lecture estim\u00e9e\" \/>\n\t<meta name=\"twitter:data1\" content=\"5 minutes\" \/>\n<script type=\"application\/ld+json\" class=\"yoast-schema-graph\">{\"@context\":\"https:\/\/schema.org\",\"@graph\":[{\"@type\":\"WebPage\",\"@id\":\"https:\/\/ultra-net-work.com\/motto\/information-voyageurs\/\",\"url\":\"https:\/\/ultra-net-work.com\/motto\/information-voyageurs\/\",\"name\":\"Information voyageurs - Motto\",\"isPartOf\":{\"@id\":\"https:\/\/ultra-net-work.com\/motto\/#website\"},\"datePublished\":\"2025-02-24T00:38:19+00:00\",\"dateModified\":\"2025-02-24T01:10:00+00:00\",\"breadcrumb\":{\"@id\":\"https:\/\/ultra-net-work.com\/motto\/information-voyageurs\/#breadcrumb\"},\"inLanguage\":\"fr-FR\",\"potentialAction\":[{\"@type\":\"ReadAction\",\"target\":[\"https:\/\/ultra-net-work.com\/motto\/information-voyageurs\/\"]}]},{\"@type\":\"BreadcrumbList\",\"@id\":\"https:\/\/ultra-net-work.com\/motto\/information-voyageurs\/#breadcrumb\",\"itemListElement\":[{\"@type\":\"ListItem\",\"position\":1,\"name\":\"Accueil\",\"item\":\"https:\/\/ultra-net-work.com\/motto\/\"},{\"@type\":\"ListItem\",\"position\":2,\"name\":\"Information voyageurs\"}]},{\"@type\":\"WebSite\",\"@id\":\"https:\/\/ultra-net-work.com\/motto\/#website\",\"url\":\"https:\/\/ultra-net-work.com\/motto\/\",\"name\":\"Motto\",\"description\":\"\",\"potentialAction\":[{\"@type\":\"SearchAction\",\"target\":{\"@type\":\"EntryPoint\",\"urlTemplate\":\"https:\/\/ultra-net-work.com\/motto\/?s={search_term_string}\"},\"query-input\":{\"@type\":\"PropertyValueSpecification\",\"valueRequired\":true,\"valueName\":\"search_term_string\"}}],\"inLanguage\":\"fr-FR\"}]}<\/script>\n<!-- \/ Yoast SEO plugin. -->","yoast_head_json":{"title":"Information voyageurs - Motto","robots":{"index":"noindex","follow":"follow","max-snippet":"max-snippet:-1","max-image-preview":"max-image-preview:large","max-video-preview":"max-video-preview:-1"},"og_locale":"fr_FR","og_type":"article","og_title":"Information voyageurs - Motto","og_description":"[vc_row][vc_column][vc_separator color=\u00a0\u00bbblack\u00a0\u00bb border_width=\u00a0\u00bb2&Prime; css=\u00a0\u00bb.vc_custom_1727427423169{padding-top: 20px !important;padding-bottom: 20px !important;}\u00a0\u00bb][vc_empty_space height=\u00a0\u00bb150px\u00a0\u00bb][vc_empty_space height=\u00a0\u00bb100px\u00a0\u00bb][\/vc_column][\/vc_row][vc_row][vc_column width=\u00a0\u00bb1\/4&Prime;][vc_empty_space height=\u00a0\u00bb90px\u00a0\u00bb][\/vc_column][vc_column width=\u00a0\u00bb3\/4&Prime;][vc_column_text] FORMALITES ADMINISTRATIVES POUR VOYAGER AU JAPON &nbsp; Les restrictions gouvernementales \u00e9tant en constante \u00e9volution, nous vous demandons de consulter r\u00e9guli\u00e8rement, jusqu\u2019au jour du d\u00e9part, les sites : [&hellip;]","og_url":"https:\/\/ultra-net-work.com\/motto\/information-voyageurs\/","og_site_name":"Motto","article_modified_time":"2025-02-24T01:10:00+00:00","twitter_card":"summary_large_image","twitter_misc":{"Dur\u00e9e de lecture estim\u00e9e":"5 minutes"},"schema":{"@context":"https:\/\/schema.org","@graph":[{"@type":"WebPage","@id":"https:\/\/ultra-net-work.com\/motto\/information-voyageurs\/","url":"https:\/\/ultra-net-work.com\/motto\/information-voyageurs\/","name":"Information voyageurs - Motto","isPartOf":{"@id":"https:\/\/ultra-net-work.com\/motto\/#website"},"datePublished":"2025-02-24T00:38:19+00:00","dateModified":"2025-02-24T01:10:00+00:00","breadcrumb":{"@id":"https:\/\/ultra-net-work.com\/motto\/information-voyageurs\/#breadcrumb"},"inLanguage":"fr-FR","potentialAction":[{"@type":"ReadAction","target":["https:\/\/ultra-net-work.com\/motto\/information-voyageurs\/"]}]},{"@type":"BreadcrumbList","@id":"https:\/\/ultra-net-work.com\/motto\/information-voyageurs\/#breadcrumb","itemListElement":[{"@type":"ListItem","position":1,"name":"Accueil","item":"https:\/\/ultra-net-work.com\/motto\/"},{"@type":"ListItem","position":2,"name":"Information voyageurs"}]},{"@type":"WebSite","@id":"https:\/\/ultra-net-work.com\/motto\/#website","url":"https:\/\/ultra-net-work.com\/motto\/","name":"Motto","description":"","potentialAction":[{"@type":"SearchAction","target":{"@type":"EntryPoint","urlTemplate":"https:\/\/ultra-net-work.com\/motto\/?s={search_term_string}"},"query-input":{"@type":"PropertyValueSpecification","valueRequired":true,"valueName":"search_term_string"}}],"inLanguage":"fr-FR"}]}},"_links":{"self":[{"href":"https:\/\/ultra-net-work.com\/motto\/wp-json\/wp\/v2\/pages\/1491","targetHints":{"allow":["GET"]}}],"collection":[{"href":"https:\/\/ultra-net-work.com\/motto\/wp-json\/wp\/v2\/pages"}],"about":[{"href":"https:\/\/ultra-net-work.com\/motto\/wp-json\/wp\/v2\/types\/page"}],"author":[{"embeddable":true,"href":"https:\/\/ultra-net-work.com\/motto\/wp-json\/wp\/v2\/users\/1"}],"replies":[{"embeddable":true,"href":"https:\/\/ultra-net-work.com\/motto\/wp-json\/wp\/v2\/comments?post=1491"}],"version-history":[{"count":3,"href":"https:\/\/ultra-net-work.com\/motto\/wp-json\/wp\/v2\/pages\/1491\/revisions"}],"predecessor-version":[{"id":1497,"href":"https:\/\/ultra-net-work.com\/motto\/wp-json\/wp\/v2\/pages\/1491\/revisions\/1497"}],"wp:attachment":[{"href":"https:\/\/ultra-net-work.com\/motto\/wp-json\/wp\/v2\/media?parent=1491"}],"curies":[{"name":"wp","href":"https:\/\/api.w.org\/{rel}","templated":true}]}}