{"id":396,"date":"2025-01-27T00:13:32","date_gmt":"2025-01-26T23:13:32","guid":{"rendered":"https:\/\/ultra-net-work.com\/motto\/?page_id=396"},"modified":"2025-02-20T09:58:15","modified_gmt":"2025-02-20T08:58:15","slug":"partenaires","status":"publish","type":"page","link":"https:\/\/ultra-net-work.com\/motto\/partenaires\/","title":{"rendered":"Partenaires"},"content":{"rendered":"<div class=\"wpb-content-wrapper\"><p>[vc_row][vc_column][vc_separator color=\u00a0\u00bbblack\u00a0\u00bb border_width=\u00a0\u00bb2&Prime; css=\u00a0\u00bb.vc_custom_1727427423169{padding-top: 20px !important;padding-bottom: 20px !important;}\u00a0\u00bb][\/vc_column][\/vc_row][vc_row][vc_column width=\u00a0\u00bb1\/6&Prime;][\/vc_column][vc_column width=\u00a0\u00bb2\/3&Prime;][vc_empty_space height=\u00a0\u00bb50px\u00a0\u00bb]<div class=\"eltdf-image-gallery  eltdf-ig-slider-type eltdf-three-columns eltdf-no-space  \">\n\t<div class=\"eltdf-ig-slider eltdf-owl-slider\" data-number-of-items=\"1\" data-enable-loop=\"yes\" data-enable-autoplay=\"yes\" data-slider-speed=\"5000\" data-slider-speed-animation=\"600\" data-slider-padding=\"no\" data-enable-navigation=\"yes\" data-enable-pagination=\"no\">\n\t\t\t\t\t<div class=\"eltdf-ig-image\">\n\t\t\t\t\t\t\t\t\t<img loading=\"lazy\" decoding=\"async\" width=\"1920\" height=\"1080\" src=\"https:\/\/ultra-net-work.com\/motto\/wp-content\/uploads\/2024\/11\/MOTTO.Paris_.jpg\" class=\"attachment-full size-full\" alt=\"\" srcset=\"https:\/\/ultra-net-work.com\/motto\/wp-content\/uploads\/2024\/11\/MOTTO.Paris_.jpg 1920w, https:\/\/ultra-net-work.com\/motto\/wp-content\/uploads\/2024\/11\/MOTTO.Paris_-300x169.jpg 300w, https:\/\/ultra-net-work.com\/motto\/wp-content\/uploads\/2024\/11\/MOTTO.Paris_-1024x576.jpg 1024w, https:\/\/ultra-net-work.com\/motto\/wp-content\/uploads\/2024\/11\/MOTTO.Paris_-768x432.jpg 768w, https:\/\/ultra-net-work.com\/motto\/wp-content\/uploads\/2024\/11\/MOTTO.Paris_-1536x864.jpg 1536w\" sizes=\"auto, (max-width: 1920px) 100vw, 1920px\" \/>\t\t\t\t\t\t\t<\/div>\n\t\t\t<\/div>\n<\/div>[vc_empty_space height=\u00a0\u00bb50px\u00a0\u00bb][vc_column_text]<b>HIS Paris<\/b><br \/>\n<span style=\"color: #ffffff;\">.<\/span><\/p>\n<div style=\"text-align: justify;\">\n<p><i>HI<\/i>S est un acteur majeur du tourisme international sp\u00e9cialis\u00e9 dans les voyages au Japon. Fond\u00e9 en 1980 \u00e0 Tokyo par Hideo Sawada <i>HI<\/i>S est aujourd\u2019hui pr\u00e9sent dans 60 pays avec une activit\u00e9 \u00e9tendue dans les domaines du voyage du conseil de l\u2019innovation de l\u2019hospitalit\u00e9 et du loisir \u00e0 grande \u00e9chelle. <i>HI<\/i>S vient d\u2019ouvrir son premier concept store \u00e0 Paris \u00e0 deux pas de l\u2019H\u00f4tel de Ville.<span class=\"Apple-converted-space\">\u00a0<\/span><\/p>\n<p>Cette nouvelle adresse propose une (re)d\u00e9couverte du Japon \u00e0 travers ses r\u00e9gions. La s\u00e9lection pr\u00e9sente des produits gourmets, des raret\u00e9s culinaires en provenance des meilleurs producteurs locaux, mais aussi des objets du quotidien, de la calligraphie, des beaux livres, des p\u00e9pites artisanales et un service de conciergerie pour les amateurs de voyage au Japon.<\/p>\n<\/div>\n<p>[\/vc_column_text][vc_empty_space height=\u00a0\u00bb100px\u00a0\u00bb][\/vc_column][vc_column width=\u00a0\u00bb1\/6&Prime;][\/vc_column][\/vc_row][vc_row][vc_column width=\u00a0\u00bb1\/6&Prime;][\/vc_column][vc_column width=\u00a0\u00bb2\/3&Prime;][vc_empty_space height=\u00a0\u00bb50px\u00a0\u00bb]<div class=\"eltdf-image-gallery  eltdf-ig-slider-type eltdf-three-columns eltdf-no-space  \">\n\t<div class=\"eltdf-ig-slider eltdf-owl-slider\" data-number-of-items=\"1\" data-enable-loop=\"yes\" data-enable-autoplay=\"yes\" data-slider-speed=\"5000\" data-slider-speed-animation=\"600\" data-slider-padding=\"no\" data-enable-navigation=\"yes\" data-enable-pagination=\"no\">\n\t\t\t\t\t<div class=\"eltdf-ig-image\">\n\t\t\t\t\t\t\t\t\t<img loading=\"lazy\" decoding=\"async\" width=\"2000\" height=\"743\" src=\"https:\/\/ultra-net-work.com\/motto\/wp-content\/uploads\/2024\/11\/MOTTO.Ceetiz.jpg\" class=\"attachment-full size-full\" alt=\"\" srcset=\"https:\/\/ultra-net-work.com\/motto\/wp-content\/uploads\/2024\/11\/MOTTO.Ceetiz.jpg 2000w, https:\/\/ultra-net-work.com\/motto\/wp-content\/uploads\/2024\/11\/MOTTO.Ceetiz-300x111.jpg 300w, https:\/\/ultra-net-work.com\/motto\/wp-content\/uploads\/2024\/11\/MOTTO.Ceetiz-1024x380.jpg 1024w, https:\/\/ultra-net-work.com\/motto\/wp-content\/uploads\/2024\/11\/MOTTO.Ceetiz-768x285.jpg 768w, https:\/\/ultra-net-work.com\/motto\/wp-content\/uploads\/2024\/11\/MOTTO.Ceetiz-1536x571.jpg 1536w\" sizes=\"auto, (max-width: 2000px) 100vw, 2000px\" \/>\t\t\t\t\t\t\t<\/div>\n\t\t\t<\/div>\n<\/div>[vc_empty_space height=\u00a0\u00bb50px\u00a0\u00bb][vc_column_text]<b>Ceetiz<\/b><br \/>\n<span style=\"color: #ffffff;\">.<\/span><\/p>\n<div style=\"text-align: justify;\">\n<div class=\"p1\">CEETIZ est une OTA fran\u00e7aise de premier plan, dont l\u2019objectif est de connecter les voyageurs du monde entier aux plus belles exp\u00e9riences par destination. En 2021, CEETIZ est devenue une filiale du groupe japonais HIS, entra\u00eenant un essor sans pr\u00e9c\u00e9dent \u00e0 l\u2019international. Aujourd\u2019hui, CEETIZ propose des activit\u00e9s haut de gamme \u00e0 des prix comp\u00e9titifs, comprenant des acc\u00e8s aux sites touristiques et culturels incontournables, mais aussi des pass multi-activit\u00e9s, des visites guid\u00e9es et des excursions dans plus de 400 destinations. CEETIZ d\u00e9ploie sous diff\u00e9rents labels des exp\u00e9riences uniques, m\u00ealant immersion culturelle et art de vivre local \u00e0 travers une s\u00e9lection d\u2019activit\u00e9s en fran\u00e7ais.<\/div>\n<div class=\"p1\"><span style=\"color: #ffffff;\">.<\/span><\/div>\n<div class=\"p1\">La mise en \u0153uvre des exp\u00e9riences est g\u00e9r\u00e9e par les 300 bureaux internationaux de Destination Management Company (DMC) du groupe HIS, garantissant une offre de qualit\u00e9 100% authentique. CEETIZ s\u2019adresse \u00e0 la fois aux partenaires B2B, via des solutions technologiques avanc\u00e9es (API de distribution, CEETIZ Agent, plateforme d\u00e9di\u00e9e aux agents de voyage et des int\u00e9grations aupr\u00e8s des principaux syst\u00e8mes de r\u00e9servation) et au grand public sur <a class=\"ms-outlook-linkify\" href=\"http:\/\/www.ceetiz.com\/\">www.ceetiz.com<\/a>. Gr\u00e2ce \u00e0 son statut d\u2019agence de voyage officielle, CEETIZ offre aux professionnels un service client d\u00e9di\u00e9 7j\/7.<\/div>\n<\/div>\n<p>[\/vc_column_text][vc_empty_space height=\u00a0\u00bb100px\u00a0\u00bb][\/vc_column][vc_column width=\u00a0\u00bb1\/6&Prime;][\/vc_column][\/vc_row][vc_row][vc_column][vc_wp_custommenu nav_menu=\u00a0\u00bb3&Prime;][\/vc_column][\/vc_row]<\/p>\n<\/div>","protected":false},"excerpt":{"rendered":"<p>[vc_row][vc_column][vc_separator color=\u00a0\u00bbblack\u00a0\u00bb border_width=\u00a0\u00bb2&Prime; css=\u00a0\u00bb.vc_custom_1727427423169{padding-top: 20px !important;padding-bottom: 20px !important;}\u00a0\u00bb][\/vc_column][\/vc_row][vc_row][vc_column width=\u00a0\u00bb1\/6&Prime;][\/vc_column][vc_column width=\u00a0\u00bb2\/3&Prime;][vc_empty_space height=\u00a0\u00bb50px\u00a0\u00bb][vc_empty_space height=\u00a0\u00bb50px\u00a0\u00bb][vc_column_text]HIS Paris . HIS est un acteur majeur du tourisme international sp\u00e9cialis\u00e9 dans les voyages au Japon. Fond\u00e9 en 1980 \u00e0 Tokyo par Hideo Sawada HIS est aujourd\u2019hui pr\u00e9sent [&hellip;]<\/p>\n","protected":false},"author":1,"featured_media":0,"parent":0,"menu_order":1,"comment_status":"closed","ping_status":"closed","template":"","meta":{"footnotes":""},"class_list":["post-396","page","type-page","status-publish","hentry"],"yoast_head":"<!-- This site is optimized with the Yoast SEO plugin v24.6 - https:\/\/yoast.com\/wordpress\/plugins\/seo\/ -->\n<title>Partenaires - Motto<\/title>\n<meta name=\"robots\" content=\"noindex, follow, max-snippet:-1, max-image-preview:large, max-video-preview:-1\" \/>\n<meta property=\"og:locale\" content=\"fr_FR\" \/>\n<meta property=\"og:type\" content=\"article\" \/>\n<meta property=\"og:title\" content=\"Partenaires - Motto\" \/>\n<meta property=\"og:description\" content=\"[vc_row][vc_column][vc_separator color=\u00a0\u00bbblack\u00a0\u00bb border_width=\u00a0\u00bb2&Prime; css=\u00a0\u00bb.vc_custom_1727427423169{padding-top: 20px !important;padding-bottom: 20px !important;}\u00a0\u00bb][\/vc_column][\/vc_row][vc_row][vc_column width=\u00a0\u00bb1\/6&Prime;][\/vc_column][vc_column width=\u00a0\u00bb2\/3&Prime;][vc_empty_space height=\u00a0\u00bb50px\u00a0\u00bb][vc_empty_space height=\u00a0\u00bb50px\u00a0\u00bb][vc_column_text]HIS Paris . HIS est un acteur majeur du tourisme international sp\u00e9cialis\u00e9 dans les voyages au Japon. Fond\u00e9 en 1980 \u00e0 Tokyo par Hideo Sawada HIS est aujourd\u2019hui pr\u00e9sent [&hellip;]\" \/>\n<meta property=\"og:url\" content=\"https:\/\/ultra-net-work.com\/motto\/partenaires\/\" \/>\n<meta property=\"og:site_name\" content=\"Motto\" \/>\n<meta property=\"article:modified_time\" content=\"2025-02-20T08:58:15+00:00\" \/>\n<meta name=\"twitter:card\" content=\"summary_large_image\" \/>\n<meta name=\"twitter:label1\" content=\"Dur\u00e9e de lecture estim\u00e9e\" \/>\n\t<meta name=\"twitter:data1\" content=\"3 minutes\" \/>\n<script type=\"application\/ld+json\" class=\"yoast-schema-graph\">{\"@context\":\"https:\/\/schema.org\",\"@graph\":[{\"@type\":\"WebPage\",\"@id\":\"https:\/\/ultra-net-work.com\/motto\/partenaires\/\",\"url\":\"https:\/\/ultra-net-work.com\/motto\/partenaires\/\",\"name\":\"Partenaires - Motto\",\"isPartOf\":{\"@id\":\"https:\/\/ultra-net-work.com\/motto\/#website\"},\"datePublished\":\"2025-01-26T23:13:32+00:00\",\"dateModified\":\"2025-02-20T08:58:15+00:00\",\"breadcrumb\":{\"@id\":\"https:\/\/ultra-net-work.com\/motto\/partenaires\/#breadcrumb\"},\"inLanguage\":\"fr-FR\",\"potentialAction\":[{\"@type\":\"ReadAction\",\"target\":[\"https:\/\/ultra-net-work.com\/motto\/partenaires\/\"]}]},{\"@type\":\"BreadcrumbList\",\"@id\":\"https:\/\/ultra-net-work.com\/motto\/partenaires\/#breadcrumb\",\"itemListElement\":[{\"@type\":\"ListItem\",\"position\":1,\"name\":\"Accueil\",\"item\":\"https:\/\/ultra-net-work.com\/motto\/\"},{\"@type\":\"ListItem\",\"position\":2,\"name\":\"Partenaires\"}]},{\"@type\":\"WebSite\",\"@id\":\"https:\/\/ultra-net-work.com\/motto\/#website\",\"url\":\"https:\/\/ultra-net-work.com\/motto\/\",\"name\":\"Motto\",\"description\":\"\",\"potentialAction\":[{\"@type\":\"SearchAction\",\"target\":{\"@type\":\"EntryPoint\",\"urlTemplate\":\"https:\/\/ultra-net-work.com\/motto\/?s={search_term_string}\"},\"query-input\":{\"@type\":\"PropertyValueSpecification\",\"valueRequired\":true,\"valueName\":\"search_term_string\"}}],\"inLanguage\":\"fr-FR\"}]}<\/script>\n<!-- \/ Yoast SEO plugin. -->","yoast_head_json":{"title":"Partenaires - Motto","robots":{"index":"noindex","follow":"follow","max-snippet":"max-snippet:-1","max-image-preview":"max-image-preview:large","max-video-preview":"max-video-preview:-1"},"og_locale":"fr_FR","og_type":"article","og_title":"Partenaires - Motto","og_description":"[vc_row][vc_column][vc_separator color=\u00a0\u00bbblack\u00a0\u00bb border_width=\u00a0\u00bb2&Prime; css=\u00a0\u00bb.vc_custom_1727427423169{padding-top: 20px !important;padding-bottom: 20px !important;}\u00a0\u00bb][\/vc_column][\/vc_row][vc_row][vc_column width=\u00a0\u00bb1\/6&Prime;][\/vc_column][vc_column width=\u00a0\u00bb2\/3&Prime;][vc_empty_space height=\u00a0\u00bb50px\u00a0\u00bb][vc_empty_space height=\u00a0\u00bb50px\u00a0\u00bb][vc_column_text]HIS Paris . HIS est un acteur majeur du tourisme international sp\u00e9cialis\u00e9 dans les voyages au Japon. Fond\u00e9 en 1980 \u00e0 Tokyo par Hideo Sawada HIS est aujourd\u2019hui pr\u00e9sent [&hellip;]","og_url":"https:\/\/ultra-net-work.com\/motto\/partenaires\/","og_site_name":"Motto","article_modified_time":"2025-02-20T08:58:15+00:00","twitter_card":"summary_large_image","twitter_misc":{"Dur\u00e9e de lecture estim\u00e9e":"3 minutes"},"schema":{"@context":"https:\/\/schema.org","@graph":[{"@type":"WebPage","@id":"https:\/\/ultra-net-work.com\/motto\/partenaires\/","url":"https:\/\/ultra-net-work.com\/motto\/partenaires\/","name":"Partenaires - Motto","isPartOf":{"@id":"https:\/\/ultra-net-work.com\/motto\/#website"},"datePublished":"2025-01-26T23:13:32+00:00","dateModified":"2025-02-20T08:58:15+00:00","breadcrumb":{"@id":"https:\/\/ultra-net-work.com\/motto\/partenaires\/#breadcrumb"},"inLanguage":"fr-FR","potentialAction":[{"@type":"ReadAction","target":["https:\/\/ultra-net-work.com\/motto\/partenaires\/"]}]},{"@type":"BreadcrumbList","@id":"https:\/\/ultra-net-work.com\/motto\/partenaires\/#breadcrumb","itemListElement":[{"@type":"ListItem","position":1,"name":"Accueil","item":"https:\/\/ultra-net-work.com\/motto\/"},{"@type":"ListItem","position":2,"name":"Partenaires"}]},{"@type":"WebSite","@id":"https:\/\/ultra-net-work.com\/motto\/#website","url":"https:\/\/ultra-net-work.com\/motto\/","name":"Motto","description":"","potentialAction":[{"@type":"SearchAction","target":{"@type":"EntryPoint","urlTemplate":"https:\/\/ultra-net-work.com\/motto\/?s={search_term_string}"},"query-input":{"@type":"PropertyValueSpecification","valueRequired":true,"valueName":"search_term_string"}}],"inLanguage":"fr-FR"}]}},"_links":{"self":[{"href":"https:\/\/ultra-net-work.com\/motto\/wp-json\/wp\/v2\/pages\/396","targetHints":{"allow":["GET"]}}],"collection":[{"href":"https:\/\/ultra-net-work.com\/motto\/wp-json\/wp\/v2\/pages"}],"about":[{"href":"https:\/\/ultra-net-work.com\/motto\/wp-json\/wp\/v2\/types\/page"}],"author":[{"embeddable":true,"href":"https:\/\/ultra-net-work.com\/motto\/wp-json\/wp\/v2\/users\/1"}],"replies":[{"embeddable":true,"href":"https:\/\/ultra-net-work.com\/motto\/wp-json\/wp\/v2\/comments?post=396"}],"version-history":[{"count":4,"href":"https:\/\/ultra-net-work.com\/motto\/wp-json\/wp\/v2\/pages\/396\/revisions"}],"predecessor-version":[{"id":1221,"href":"https:\/\/ultra-net-work.com\/motto\/wp-json\/wp\/v2\/pages\/396\/revisions\/1221"}],"wp:attachment":[{"href":"https:\/\/ultra-net-work.com\/motto\/wp-json\/wp\/v2\/media?parent=396"}],"curies":[{"name":"wp","href":"https:\/\/api.w.org\/{rel}","templated":true}]}}